of 606701.
31, 19571
List the prime factors of 736735.
5, 147347
What are the prime factors of 8573619?
3, 1103, 2591
What are the prime factors of 10188?
2, 3, 283
List the prime factors of 201671.
17, 11863
What are the prime factors of 301198?
2, 73, 2063
List the prime factors of 33116.
2, 17, 487
List the prime factors of 4096065.
3, 5, 17, 16063
What are the prime factors of 3232214?
2, 67, 24121
List the prime factors of 4751746.
2, 71, 109, 307
What are the prime factors of 51430?
2, 5, 37, 139
What are the prime factors of 13856?
2, 433
What are the prime factors of 9043748?
2, 7, 173, 1867
What are the prime factors of 320660?
2, 5, 16033
What are the prime factors of 676086?
2, 3, 281, 401
What are the prime factors of 1862115?
3, 5, 43, 2887
What are the prime factors of 4842345?
3, 5, 53, 6091
List the prime factors of 611674.
2, 7, 43691
List the prime factors of 1815577.
31, 58567
What are the prime factors of 422439?
3, 140813
What are the prime factors of 2147169?
3, 107, 6689
What are the prime factors of 567902?
2, 17, 16703
What are the prime factors of 4521131?
163, 27737
List the prime factors of 259634.
2, 43, 3019
List the prime factors of 718960.
2, 5, 11, 19, 43
List the prime factors of 162694.
2, 7, 11621
What are the prime factors of 11381761?
11381761
List the prime factors of 2497686.
2, 3, 416281
What are the prime factors of 19057822?
2, 7, 1361273
What are the prime factors of 1431009?
3, 17, 47, 199
List the prime factors of 15752465.
5, 101, 31193
What are the prime factors of 1731562?
2, 7, 17669
What are the prime factors of 1201418?
2, 593, 1013
List the prime factors of 1810556.
2, 11, 41149
What are the prime factors of 215684?
2, 7, 7703
What are the prime factors of 66348?
2, 3, 19, 97
What are the prime factors of 2106239?
2106239
List the prime factors of 400400.
2, 5, 7, 11, 13
List the prime factors of 2668481.
683, 3907
List the prime factors of 8151951.
3, 37, 271
What are the prime factors of 403645?
5, 11, 41, 179
What are the prime factors of 4916556?
2, 3, 41, 3331
What are the prime factors of 2732708?
2, 11, 173, 359
List the prime factors of 6222529.
41, 151769
What are the prime factors of 265542?
2, 3, 44257
List the prime factors of 9341763.
3, 3113921
What are the prime factors of 9671727?
3, 13, 247993
What are the prime factors of 4771693?
109, 43777
List the prime factors of 974283.
3, 41, 89
What are the prime factors of 374424?
2, 3, 15601
What are the prime factors of 212516?
2, 53129
List the prime factors of 4794912.
2, 3, 16649
List the prime factors of 611633.
11, 55603
What are the prime factors of 866136?
2, 3, 151, 239
What are the prime factors of 682376?
2, 85297
List the prime factors of 1412016.
2, 3, 23, 1279
List the prime factors of 1259768.
2, 17, 59, 157
What are the prime factors of 145902?
2, 3, 24317
What are the prime factors of 10187855?
5, 197, 10343
List the prime factors of 245000.
2, 5, 7
What are the prime factors of 20509631?
31, 419, 1579
What are the prime factors of 37482?
2, 3, 6247
List the prime factors of 312452.
2, 7, 11159
List the prime factors of 8068597.
19, 631, 673
What are the prime factors of 6255875?
5, 50047
What are the prime factors of 558197?
558197
What are the prime factors of 257251?
173, 1487
What are the prime factors of 380286?
2, 3, 37, 571
What are the prime factors of 215241?
3, 13, 5519
What are the prime factors of 1762786?
2, 881393
What are the prime factors of 355676?
2, 88919
What are the prime factors of 269046?
2, 3, 14947
List the prime factors of 13433213.
17, 790189
List the prime factors of 867571.
867571
List the prime factors of 14878719.
3, 1653191
List the prime factors of 3985192.
2, 151, 3299
What are the prime factors of 326920?
2, 5, 11, 743
List the prime factors of 4680376.
2, 449, 1303
What are the prime factors of 2793245?
5, 7, 13, 877
What are the prime factors of 9082148?
2, 17, 23, 5807
List the prime factors of 529701.
3, 19, 9293
List the prime factors of 1451111.
149, 9739
What are the prime factors of 1459419?
3, 13, 23, 1627
List the prime factors of 1556733.
3, 518911
What are the prime factors of 185762?
2, 293, 317
What are the prime factors of 647040?
2, 3, 5, 337
What are the prime factors of 320560?
2, 5, 4007
List the prime factors of 202310.
2, 5, 20231
What are the prime factors of 459406?
2, 229703
List the prime factors of 4877062.
2, 17, 143443
What are the prime factors of 849890?
2, 5, 37, 2297
What are the prime factors of 8919818?
2, 1429, 3121
What are the prime factors of 3090740?
2, 5, 23, 6719
List the prime factors of 1285033.
23, 55871
List the prime factors of 343988.
2, 23, 3739
What are the prime factors of 3124187?
11, 191, 1487
List the prime factors of 226705.
5, 45341
What are the prime factors of 19599296?
2, 306239
What are the prime factors of 63298?
2, 31649
List the prime factors of 209293.
7, 29, 1031
List the prime factors of 146068.
2, 13, 53
List the prime factors of 1005047.
83, 12109
List the prime factors of 105091.
7, 15013
List the prime factors of 263666.
2, 13, 10141
What are the prime factors of 9177216?
2, 3, 23899
List the prime factors of 653244.
2, 3, 54437
List the prime factors of 6072932.
2, 19, 79907
List the prime factors of 200390.
2, 5, 29, 691
What are the prime factors of 515254?
2, 257627
List the prime factors of 5466962.
2, 17, 23, 6991
What are the prime factors of 1157198?
2, 7, 82657
What are the prime factors of 718330?
2, 5, 29, 2477
What are the prime factors of 7575343?
37, 53, 3863
List the prime factors of 2523610.
2, 5, 73, 3457
What are the prime factors of 26752109?
26752109
List the prime factors of 4190697.
3, 7, 19, 389
List the prime factors of 2278610.
2, 5, 23, 9907
List the prime factors of 97926.
2, 3, 19, 859
What are the prime factors of 307090?
2, 5, 7, 41, 107
What are the prime factors of 214577?
11, 19507
List the prime factors of 112958.
2, 56479
List the prime factors of 9818720.
2, 5, 109, 563
What are the prime factors of 446959?
23, 19433
List the prime factors of 178753.
178753
What are the prime factors of 2507323?
7, 13, 59, 467
List the prime factors of 4047741.
3, 19, 23671
What are the prime factors of 821177?
7, 73, 1607
What are the prime factors of 3879656?
2, 11, 44087
What are the prime factors of 249631?
107, 2333
What are the prime factors of 168011?
17, 9883
What are the prime factors of 2306581?
19, 73, 1663
What are the prime factors of 683117?
53, 12889
What are the prime factors of 2819038?
2, 1409519
What are the prime factors of 3132716?
2, 37, 61, 347
What are the prime factors of 480996?
2, 3, 31, 431
List the prime factors of 477743.
7, 139, 491
What are the prime factors of 2966490?
2, 3, 5, 10987
What are the prime factors of 1024443?
3, 7, 23, 101
List the prime factors of 199422.
2, 3, 1231
List the prime factors of 1444223.
11, 131293
What are the prime factors of 3330207?
3, 123341
List the prime factors of 1284810.
2, 3, 5, 113, 379
List the prime factors of 957684.
2, 3, 7, 13, 877
List the prime factors of 33199025.
5, 163, 8147
List the prime factors of 2082950.
2, 5, 41659
List the prime factors of 97088.
2, 37, 41
List the prime factors of 5892618.
2, 3, 982103
What are the prime factors of 2225222?
2, 1112611
What are the prime factors of 801409?
7, 114487
What are the prime factors of 335428?
2, 83857
List the prime factors of 196816.
2, 12301
What are the prime factors of 6452754?
2, 3, 7, 11, 13967
What are the prime factors of 16517780?
2, 5, 825889
List the prime factors of 1160535.
3, 5, 77369
What are the prime factors of 244841?
244841
What are the prime factors of 110200?
2, 5, 19, 29
List the prime factors of 27851770.
2, 5, 2785177
What are the prime factors of 9380439?
3, 1042271
What are the prime factors of 394272?
2, 3, 37
What are the prime factors of 103477?
11, 23, 409
List the prime factors of 2463551.
773, 3187
What are the prime factors of 543303?
3, 17, 53, 67
List the prime factors of 26809.
17, 19, 83
List the prime factors of 2237674.
2, 1118837
List the prime factors of 4004038.
2, 2002019
What are the prime factors of 240137?
41, 5857
List the prime factors of 1859970.
2, 3, 5, 7, 17, 521
List the prime factors of 150977.
17, 83, 10